473958
What is 4bbd7 (base 15) in base 5?
30223202
-115390 (base 10) to base 7
-660262
Convert 17805b9 (base 13) to base 7.
122032535
What is 101222201220 (base 3) in base 16?
34d01
What is 1673417 (base 10) in base 15?
230c62
What is 43ba00 (base 12) in base 10?
1077984
What is -12210110200 (base 3) in base 9?
-183420
What is 32415043 (base 6) in base 9?
1732860
Convert 110022012111 (base 3) to base 8.
731000
Convert 774114 (base 9) to base 6.
13524104
Convert 144424324 (base 5) to base 9.
1417816
What is -1001323342 (base 5) in base 13?
-54420c
-2102022000 (base 3) to base 10
-47601
What is -c82610 (base 16) in base 3?
-220200102001202
Convert -1b6a839 (base 12) to base 16.
-59822d
401522 (base 7) to base 12
33308
Convert 1042652 (base 14) to base 6.
432453320
Convert 10214100 (base 6) to base 3.
120010100100
-100000000110100010001011 (base 2) to base 9
-16745642
What is -22243023 (base 6) in base 8?
-2445427
Convert -111011011011001101000011 (base 2) to base 12.
-5273003
What is -1cd34 (base 14) in base 5?
-4331223
-32c15 (base 13) to base 5
-10421443
Convert 842135 (base 12) to base 14.
3c1025
Convert 13336 (base 14) to base 8.
134264
Convert -325535 (base 8) to base 15.
-2263a
83559 (base 10) to base 7
465420
-421865 (base 9) to base 10
-250754
What is 120201112120221 (base 3) in base 10?
8356228
What is 13a61 (base 12) in base 8?
65451
What is 331a13 (base 15) in base 9?
4522060
Convert 111110001010011110 (base 2) to base 15.
5069c
23203 (base 14) to base 3
11100020011
55b56 (base 14) to base 13
738c6
-222212121 (base 4) to base 6
-3423453
Convert -200211231321 (base 4) to base 7.
-132420663
-24055132 (base 6) to base 4
-2320013000
What is 22231323112 (base 4) in base 2?
1010101101111011010110
What is -38380b (base 16) in base 9?
-6834886
-1000010001001011011001 (base 2) to base 16
-2112d9
Convert 286749 (base 15) to base 3.
10122211220220
What is -3491576 (base 11) in base 3?
-102110112120122
Convert 48105d (base 14) to base 2.
1001011000111100001011
-284532 (base 11) to base 16
-6cb0a
Convert -323135234 (base 6) to base 2.
-10101111100001011100110
Convert -21121012001 (base 3) to base 10.
-149581
250656 (base 7) to base 14
12a66
-110121011221111 (base 3) to base 2
-11001100010101110010000
Convert 12620633 (base 8) to base 10.
2826651
-172994 (base 10) to base 9
-283265
4343100 (base 5) to base 9
123513
What is -254b30 (base 15) in base 12?
-7227b3
What is 229a9a2 (base 11) in base 3?
21112210202020
Convert 2366889 (base 11) to base 16.
3eea24
101002233 (base 4) to base 11
484a1
Convert 867769 (base 15) to base 7.
105301461
3400231 (base 5) to base 16
e831
What is -10101011110100111 (base 2) in base 3?
-11110200100
-34313144 (base 6) to base 13
-2aa963
-134001362 (base 7) to base 9
-17340135
Convert -91358 (base 13) to base 9.
-435365
Convert -1054126 (base 8) to base 2.
-1000101100001010110
Convert b9b78 (base 12) to base 13.
87881
What is -254140 (base 10) in base 14?
-6888c
What is -13332321013 (base 4) in base 6?
-112504011
Convert 8383842 (base 10) to base 11.
48069a5
-3301323 (base 5) to base 16
-dc8f
Convert -2240051 (base 11) to base 8.
-16757604
What is 742429 (base 10) in base 8?
2652035
What is 443a8 (base 16) in base 10?
279464
25c154 (base 15) to base 16
1ba8c7
141ab0 (base 13) to base 3
220212120010
Convert 2204a (base 12) to base 11.
30887
Convert -4aa938 (base 12) to base 15.
-191d08
-301521 (base 9) to base 4
-223201330
What is c1509 (base 13) in base 15?
6c6c3
Convert 6f68f (base 16) to base 4.
1233122033
Convert 10000001010110011010011 (base 2) to base 10.
4238547
What is 110100010110000010011 (base 2) in base 13?
48092c
What is 3422340003 (base 5) in base 6?
431203325
Convert 13040152 (base 7) to base 12.
492544
What is -10303 (base 8) in base 16?
-10c3
Convert 10442 (base 10) to base 12.
6062
Convert -430420435 (base 6) to base 8.
-34754307
a6bb (base 16) to base 8
123273
What is -3c830 (base 15) in base 12?
-94490
-100001000110100001 (base 2) to base 6
-2523413
What is -83a5c6 (base 13) in base 5?
-1242012004
What is -2c216 (base 16) in base 15?
-38858
What is 1343235 (base 6) in base 16?
12887
Convert -182846 (base 9) to base 11.
-78460
-2809091 (base 12) to base 10
-7978285
83438 (base 10) to base 12
40352
-378b0 (base 14) to base 6
-2530242
b2c0a8 (base 13) to base 11
2397402
What is 19c235 (base 14) in base 7?
10536165
Convert -11637672 (base 8) to base 16.
-273fba
260412 (base 7) to base 6
1011133
Convert 60e95 (base 16) to base 7.
3242200
124211201 (base 5) to base 12
25888a
What is 22200102210202 (base 3) in base 14?
881900
7ab055 (base 14) to base 5
2032213222
Convert -1537373 (base 9) to base 6.
-30131233
Convert 110101110000110 (base 2) to base 5.
1340101
What is 91477a (base 13) in base 7?
40506005
6552854 (base 9) to base 5
1400100401
Convert -825aa (base 16) to base 13.
-159047
-332010030 (base 4) to base 13
-8b935
What is 31130033 (base 5) in base 4?
332100222
1250252 (base 6) to base 3
10111100212
Convert 1000022011211 (base 3) to base 4.
2003030323
Convert -110111212122 (base 3) to base 13.
-88160
What is 3443034 (base 5) in base 9?
104367
Convert -260c1 (base 13) to base 3.
-10120122200
What is -122001000000 (base 3) in base 10?
-335340
2227339 (base 11) to base 10
3904228
What is -b72d70 (base 15) in base 16?
-8503e0
-1040583 (base 10) to base 9
-1855363
123a74 (base 15) to base 13
247543
What is -111031233031 (base 4) in base 11?
-3159311
Convert 4414250 (base 6) to base 8.
655526
What is 1011001110011110001 (base 2) in base 10?
367857
-10100111101111110000100 (base 2) to base 8
-24757604
Convert -12111010000111 (base 3) to base 2.
-1011000111101111010100
10100101011000100111010 (base 2) to base 13
11798cc
-101101111011110010001 (base 2) to base 8
-5573621
1206625 (base 7) to base 4
211200202
What is -2883303 (base 9) in base 15?
-216280
-32214211 (base 7) to base 8
-12356174
Convert 1133125 (base 6) to base 4.
32122031
634270 (base 10) to base 13
192910
Convert -11221220000100 (base 3) to base 2.
-1010000011011001010000
Convert 20021120000 (base 3) to base 14.
33090
What is 65287 (base 15) in base 16?
4e6b2
Convert 2026650 (base 8) to base 5.
114122401
Convert 3739489 (base 10) to base 11.
2124596
What is -c2cbbb (base 14) in base 8?
-31030121
222101101222 (base 3) to base 7
4262060
What is -102212120210 (base 3) in base 8?
-710352
Convert 123277 (base 14) to base 3.
1011200010100
-10516 (base 16) to base 11
-46242
Convert 110002200 (base 4) to base 14.
21cac
What is 1044501 (base 6) in base 11?
36808
What is 271103 (base 8) in base 16?
17243
What is 99872c (base 14) in base 10?
5209524
What is -10001212002 (base 3) in base 16?
-ebf1
What is -a97ac9 (base 13) in base 12?
-14034b9
What is -c92a (base 13) in base 8?
-66421
1000111001011001001 (base 2) to base 16
472c9
917d9 (base 16) to base 5
123032204
Convert 2026553 (base 7) to base 12.
b8375
-723603 (base 10) to base 5
-141123403
What is 35504 (base 11) in base 5?
3114222
What is 1013404010 (base 6) in base 10?
10529574
-2b247b2 (base 12) to base 13
-1a78840
Convert 3743241 (base 8) to base 3.
1221112020012
a0c6 (base 14) to base 11
19824
-110211212 (base 4) to base 5
-10144301
-2344300424 (base 5) to base 16
-535a56
What is 94499 (base 10) in base 7?
542336
Convert cc2562 (base 13) to base 7.
55554366
What is -34000 (base 10) in base 12?
-17814
What is -242130313 (base 6) in base 7?
-53651430
Convert -1b545 (base 15) to base 9.
-145002
What is -35c950 (base 15) in base 6?
-131055550
-28720 (base 11) to base 15
-c14e
What is -100100101111011 (base 2) in base 12?
-aa77
What is -886a3a (base 11) in base 15?
-1ce2d5
What is -31001412 (base 5) in base 16?
-3d178
What is -18548e (base 15) in base 10?
-1182284
-453050043 (base 6) to base 5
-4103431434
Convert 49a6509 (base 11) to base 9.
17315367
-110301021 (base 4) to base 2
-10100110001001001
4412003 (base 6) to base 13
78b76
Convert 1220201010002 (base 3) to base 4.
3320132213
What is 2050131 (base 6) in base 2?
11000011000000111
-141580 (base 14) to base 13
-1b4646
What is -16498071 (base 10) in base 2?
-111110111011110110010111
Convert -10436 (base 16) to base 5.
-4112424
What is 22001211101 (base 3) in base 11?
a9341
What is -1423021 (base 6) in base 14?
-21749
What is -347b46 (base 12) i